{"id":377,"date":"2020-04-04T01:46:51","date_gmt":"2020-04-03T23:46:51","guid":{"rendered":"https:\/\/scbm.usz.edu.pl\/?page_id=377"},"modified":"2026-01-29T12:26:19","modified_gmt":"2026-01-29T11:26:19","slug":"wyszukiwarki-naukowe","status":"publish","type":"page","link":"https:\/\/scbm.usz.edu.pl\/index.php\/wyszukiwarki-naukowe\/","title":{"rendered":"WYSZUKIWARKI i NARZ\u0118DZIA"},"content":{"rendered":"<p style=\"text-align: justify;\"><strong>POLSKIE WYSZUKIWARKI i NARZ\u0118DZIA<br \/>\n<\/strong><\/p>\n<p style=\"text-align: justify;\"><a href=\"https:\/\/arianta.pl\/#\/szukaj\" target=\"_blank\" rel=\"noopener\"><strong><span style=\"font-size: 12pt;\">Arianta. Naukowe i bran\u017cowe polskie czasopisma elektroniczne<\/span><\/strong><\/a> &#8211; baza danych, kt\u00f3ra indeksuje polskie naukowe i bran\u017cowe czasopisma elektroniczne. Obecnie baza zawiera informacje (w tym linki do pe\u0142nych tre\u015bci, punktacj\u0119 MNiSW) o ok. 4,5 tys. czasopism, w tym ok. 600 czasopism archiwalnych, kt\u00f3rych wydawanie nie jest kontynuowane, ale spisy tre\u015bci lub pe\u0142ne teksty s\u0105 dost\u0119pne w sieci.<\/p>\n<p style=\"text-align: justify;\"><strong><a href=\"https:\/\/bibliotekanauki.pl\/\" target=\"_blank\" rel=\"noopener\">Biblioteka Nauki<\/a><\/strong> \u2013 serwis prowadzony w\u00a0<a href=\"https:\/\/icm.edu.pl\/\" target=\"_blank\" rel=\"noreferrer noopener\">Interdyscyplinarnym Centrum Modelowania Matematycznego i\u00a0Komputerowego Uniwersytetu Warszawskiego<\/a> w\u00a0ramach <a href=\"http:\/\/pon.edu.pl\/\" target=\"_blank\" rel=\"noopener\">Platformy Otwartej Nauki<\/a>, kt\u00f3ry\u00a0udost\u0119pnia w\u00a0spos\u00f3b otwarty pe\u0142ne teksty artyku\u0142\u00f3w publikowanych w\u00a0polskich czasopismach naukowych, pochodz\u0105ce z\u00a0pi\u0119ciu baz dziedzinowych: AGRO, BazTech, CEJSH, DML-PL, PSJD i\u00a0pe\u0142ne teksty wybranych ksi\u0105\u017cek naukowych (wraz z\u00a0ich metadanymi) gromadzonych wcze\u015bniej w\u00a0serwisie Otw\u00f3rz Ksi\u0105\u017ck\u0119, oraz\u00a0inne ksi\u0105\u017cki udost\u0119pnione przez\u00a0wsp\u00f3\u0142pracuj\u0105cych z\u00a0Bibliotek\u0105 Nauki wydawc\u00f3w<strong>.<\/strong><\/p>\n<p style=\"text-align: justify;\"><a href=\"https:\/\/fbc.pionier.net.pl\/\" target=\"_blank\" rel=\"noopener\"><strong><span style=\"font-family: 'Arial',sans-serif;\">FBC<\/span><\/strong><\/a> <span style=\"font-family: 'Arial',sans-serif;\">Federacja Bibliotek Cyfrowych stworzona przez PCSS Pozna\u0144. Przeszukuje zbiory polskich instytucji kultury on-line. Baza liczy ju\u017c<\/span><span style=\"font-family: 'Arial',sans-serif;\"> ponad 6,7 miliona obiekt\u00f3w.<\/span><\/p>\n<p style=\"text-align: justify;\"><a href=\"https:\/\/ludzie.nauka.gov.pl\/ln\/\" target=\"_blank\" rel=\"noopener\"><strong>LUDZIE NAUKI<\/strong><\/a> &#8211; baza z wyszukiwark\u0105 polskich naukowc\u00f3w, w tym publikacje, granty, projekty, rozprawy doktorskie i habilitacyjne.<\/p>\n<p><a href=\"https:\/\/naukawpolsce.pl\" target=\"_blank\" rel=\"noopener\"><strong>NAUKA W POLSCE <\/strong><\/a><em>&#8211; serwis <\/em><em>popularyzuj\u0105cy polsk\u0105 nauk\u0119<\/em><\/p>\n<p><a href=\"https:\/\/polon.nauka.gov.pl\/\" target=\"_blank\" rel=\"noopener\"><strong>POL-on<\/strong><\/a> &#8211; najbardziej obszerne repozytorium danych o polskiej nauce i szkolnictwie wy\u017cszym.<\/p>\n<p style=\"text-align: justify;\"><a href=\"http:\/\/psjd.icm.edu.pl\/psjd\/search\/article-psjc.action?cid=32d45362-2560-4700-a7ab-5b9485270961\" target=\"_blank\" rel=\"noopener\"><strong>PSJD<\/strong><\/a> (Polish Scientific Journal Database) baza danych o zawarto\u015bci czasopism wydawanych przez sekcj\u0119 rolnicz\u0105 i biologiczn\u0105 Polskiej Akademii Nauk.<\/p>\n<p style=\"text-align: justify;\"><strong>ZAGRANICZNE WYSZUKIWARKI<\/strong><\/p>\n<p style=\"text-align: justify;\"><a href=\"https:\/\/www.base-search.net\/\" target=\"_blank\" rel=\"noopener\"><strong>BASE<\/strong><\/a> (Bielefeld Academic Search Engine, opracowana w Bibliotece W Bielefeldzie, 2004 r.) \u2013 wyszukiwarka publikacji naukowych w\u00a0wolnym dost\u0119pie z repozytori\u00f3w, katalog\u00f3w, archiw\u00f3w czasopism, bibliotek cyfrowych. W\u00a0wynikach podane s\u0105 dok\u0142adne dane bibliograficzne. Przeszukuje dane tzw. \u201eg\u0142\u0119bokiego Internetu&#8221;.<\/p>\n<p><span class=\"VIiyi\" lang=\"pl\"><span class=\"JLqJ4b ChMk0b\" data-language-for-alternatives=\"pl\" data-language-to-translate-into=\"en\" data-phrase-index=\"16\" data-number-of-phrases=\"21\"><strong><a href=\"https:\/\/core.ac.uk\/\" target=\"_blank\" rel=\"noopener\">CORE<\/a><\/strong> &#8211; wyszukiwarka zapewniaj\u0105ca bezp\u0142atny i bezproblemowy dost\u0119p do milion\u00f3w artyku\u0142\u00f3w naukowych<\/span> <span class=\"JLqJ4b ChMk0b\" data-language-for-alternatives=\"pl\" data-language-to-translate-into=\"en\" data-phrase-index=\"18\" data-number-of-phrases=\"21\">zebranych od tysi\u0119cy dostawc\u00f3w danych Open Access, takich jak<\/span> <span class=\"JLqJ4b ChMk0b\" data-language-for-alternatives=\"pl\" data-language-to-translate-into=\"en\" data-phrase-index=\"20\" data-number-of-phrases=\"21\">repozytoria <\/span><\/span><span class=\"VIiyi\" lang=\"pl\"><span class=\"JLqJ4b ChMk0b\" data-language-for-alternatives=\"pl\" data-language-to-translate-into=\"en\" data-phrase-index=\"20\" data-number-of-phrases=\"21\">instytucjonalne i tematyczne<\/span><\/span><span class=\"VIiyi\" lang=\"pl\"><span class=\"JLqJ4b ChMk0b\" data-language-for-alternatives=\"pl\" data-language-to-translate-into=\"en\" data-phrase-index=\"20\" data-number-of-phrases=\"21\"> oraz czasopisma w otwartym dost\u0119pie i czasopisma hybrydowe<\/span><\/span><\/p>\n<p style=\"text-align: justify;\"><strong><a href=\"https:\/\/www.doaj.org\/\">DOAJ<\/a> (Directory of Open Access Journals)<\/strong> \u2013 to najwi\u0119kszy portal, na kt\u00f3rym mo\u017cna znale\u017a\u0107 otwarte czasopisma.<br \/>\nObecnie baza danych zawiera ponad 16 500 recenzowanych czasopism o otwartym dost\u0119pie, obejmuj\u0105cych wszystkie dziedziny nauki, technologii, medycyny, nauk spo\u0142ecznych, sztuki i nauk humanistycznych. Wydawcy czasopism z otwartym dost\u0119pem (ze wszystkich kraj\u00f3w i we wszystkich j\u0119zykach) mog\u0105 ubiega\u0107 si\u0119 o w\u0142\u0105czenie tych\u017ce periodyk\u00f3w do bazy. Nale\u017cy jednak mie\u0107 na uwadze, \u017ce nie wszystkie czasopisma otwarte s\u0105 zg\u0142aszane do indeksowania w DOAJ, a tak\u017ce, \u017ce cz\u0119\u015b\u0107 z nich zostaje odrzucona w procesie kwalifikacyjnym z uwagi na stosowanie drapie\u017cnych praktyk.<\/p>\n<p style=\"text-align: justify;\"><a href=\"https:\/\/www.doabooks.org\/\" target=\"_blank\" rel=\"noopener\"><strong>DOAB<\/strong><\/a><strong> (Directory of Open Books) <\/strong><span class=\"VIiyi\" lang=\"pl\"><span class=\"JLqJ4b ChMk0b\" data-language-for-alternatives=\"pl\" data-language-to-translate-into=\"it\" data-phrase-index=\"0\" data-number-of-phrases=\"2\">portal\u00a0 wyszukiwawczy, <\/span><\/span><span class=\"VIiyi\" lang=\"pl\"><span class=\"JLqJ4b ChMk0b\" data-language-for-alternatives=\"pl\" data-language-to-translate-into=\"it\" data-phrase-index=\"0\" data-number-of-phrases=\"2\">kt\u00f3ry indeksuje i zapewnia dost\u0119p do wysokiej jako\u015bci recenzowanych ksi\u0105\u017cek w otwartym dost\u0119pie oraz pomaga u\u017cytkownikom znale\u017a\u0107 zaufanych wydawc\u00f3w ksi\u0105\u017cek dost\u0119pnych w formule open access. Wszystkie us\u0142ugi DOAB s\u0105 bezp\u0142atne, a wszystkie dane s\u0105 dost\u0119pne bezp\u0142atnie. <\/span><\/span>Zasoby serwisu to dostarczane przez wydawc\u00f3w metadane, kt\u00f3re mo\u017cna przeszukiwa\u0107 i przegl\u0105da\u0107 wg tytu\u0142\u00f3w, dziedzin, j\u0119zyk\u00f3w, wydawc\u00f3w itd. Serwis prowadzi DOAB Foundation, holenderska organizacja non profit powo\u0142ana przez\u00a0\u00a0OAPEN Foundation i OpenEdition.<\/p>\n<p style=\"text-align: justify;\"><a href=\"http:\/\/www.freefullpdf.com\/\" target=\"_blank\" rel=\"noopener\"><strong>FreeFullPDF<\/strong><\/a><strong>\u00a0<\/strong> Wyszukiwarka pe\u0142notekstowych tre\u015bci naukowych w formacie PDF<\/p>\n<p style=\"text-align: justify;\"><a href=\"http:\/\/journalseek.net\" target=\"_blank\" rel=\"noopener\"><strong>Genamics JournalSeek<\/strong><\/a> Obszerna w pe\u0142ni skategoryzowana wyszukiwarka informacji o czasopismach dost\u0119pnych w Internecie. Baza zawiera obecnie 39226 tytu\u0142\u00f3w. Informacje o czasopi\u015bmie obejmuj\u0105 opis (cele i zakres), skr\u00f3t czasopisma, link do strony g\u0142\u00f3wnej czasopisma, kategori\u0119 przedmiotu i numer ISSN. Przeszukiwanie tych informacji pozwala na szybkie znalezienie potencjalnych czasopism zwi\u0105zanych z dan\u0105 dziedzin\u0105, w kt\u00f3rych np. mo\u017cna opublikowa\u0107 swoje badania.<\/p>\n<p style=\"text-align: justify;\"><a href=\"http:\/\/search.ndltd.org\/\" target=\"_blank\" rel=\"noopener\"><strong>Global EDT Service\u00a0<\/strong><\/a> Przeszukuje ponad 5\u00a0916 225 prac dyplomowych z ca\u0142ego \u015bwiata. Jest tworzony przez\u00a0University of Cape Town, South Africa i zawiera informacje o elektronicznych rozprawach naukowych (ETD), w tym pracach doktorskich, habilitacyjnych i magisterskich<\/p>\n<p style=\"text-align: justify;\"><a href=\"https:\/\/scholar.google.pl\" target=\"_blank\" rel=\"noopener\"><strong>Google Scholar<\/strong><\/a>\u00a0 &#8211; wyszukiwarka tekst\u00f3w naukowych, wyszukuje materia\u0142y z wielu dziedzin i \u017ar\u00f3de\u0142. Przeszukuje artyku\u0142y recenzowane, prace naukowe, ksi\u0105\u017cki, streszczenia i artyku\u0142y, prace wydawane przez uczelnie, towarzystwa naukowe, raporty techniczne, materia\u0142y konferencyjne, zasoby repozytori\u00f3w.<\/p>\n<p style=\"text-align: justify;\"><a href=\"https:\/\/books.google.com\/?hl=pl\" target=\"_blank\" rel=\"noopener\"><strong>Google ksi\u0105\u017cki<\/strong><\/a>\u00a0&#8211; przydatna w poszukiwaniu tre\u015bci\u00a0 naukowych wyszukiwarka ksi\u0105\u017cek wykorzystuj\u0105ca technologi\u0119 OCR (wyszukiwanie pe\u0142notekstowe, przeszukiwanie zawarto\u015bci ksi\u0105\u017cek). Projekt digitalizacyjny firmy Google, powsta\u0142y w 2004 r. , prowadzony we wsp\u00f3\u0142pracy z bibliotekami i wydawcami.<\/p>\n<p style=\"text-align: justify;\"><a href=\"https:\/\/discover.libraryhub.jisc.ac.uk\/\" target=\"_blank\" rel=\"noopener\"><strong>Library Hub Discover<\/strong><\/a> &#8211; umo\u017cliwia dost\u0119p do szczeg\u00f3\u0142owych informacji o materia\u0142ach przechowywanych w wielu brytyjskich bibliotekach krajowych, akademickich i specjalistycznych.<\/p>\n<p style=\"text-align: justify;\"><a href=\"https:\/\/netherlands.openaire.eu\/\" target=\"_blank\" rel=\"noopener external noreferrer\" data-wpel-link=\"external\"><strong>Portal of Research Output from the Netherlands<\/strong><\/a> <span style=\"font-size: 8pt;\">(w zast\u0119pstwie wcze\u015bniejszego NARCIS) <\/span>Holenderski portal wyszukiwawczy zapewniaj\u0105cy dost\u0119p do informacji naukowych, w tym publikacji w otwartym dost\u0119pie, z <strong>repozytori\u00f3w wszystkich holenderskich uniwersytet\u00f3w<\/strong>, KNAW, NWO i szeregu instytut\u00f3w badawczych, zbior\u00f3w danych z niekt\u00f3rych narodowych archiw\u00f3w danych w Holandii, a tak\u017ce opis\u00f3w projekt\u00f3w badawczych, badaczy i instytut\u00f3w badawczych.<\/p>\n<p><span class=\"HwtZe\" lang=\"pl\"><span class=\"jCAhz ChMk0b\"><span class=\"ryNqvb\"><a href=\"https:\/\/oatd.org\/\" target=\"_blank\" rel=\"noopener\"><strong>OATD.org<\/strong><\/a> rzetelna wyszukiwarka prac dyplomowych i rozpraw doktorskich w otwartym dost\u0119pie opublikowanych na ca\u0142ym \u015bwiecie.<\/span><\/span> <span class=\"jCAhz ChMk0b\"><span class=\"ryNqvb\">Metadane pochodz\u0105 z ponad 1100 uczelni wy\u017cszych, uniwersytet\u00f3w i instytucji badawczych.<\/span><\/span><\/span><\/p>\n<p style=\"text-align: justify;\"><a href=\"https:\/\/opendoar.ac.uk\/\" target=\"_blank\" rel=\"noopener\"><strong>OpenDoar<\/strong><\/a>\u00a0 (Directory of Open Access Repositories) &#8211; wyszukiwarka repozytori\u00f3w i instytucjonalnych bibliotek cyfrowych z ca\u0142ego \u015bwiata. Pozwala na wyszukiwanie wg tematyki, dziedziny nauki, typu publikacji, typu u\u017cytego oprogramowania (do budowy repozytorium, biblioteki cyfrowej), rodzaju strony WWW (edukacyjne, rz\u0105dowe, itp.), kraju i j\u0119zyka.<\/p>\n<p><strong><a href=\"https:\/\/paperity.org\/\" target=\"_blank\" rel=\"noopener\">Paperity<\/a><\/strong> &#8211; multidyscyplinarny zbi\u00f3r <span class=\"VIiyi\" lang=\"pl\"><span class=\"JLqJ4b\" data-language-for-alternatives=\"pl\" data-language-to-translate-into=\"en\" data-phrase-index=\"0\" data-number-of-phrases=\"1\">czasopism i artyku\u0142\u00f3w Open Access, \u201ez\u0142otych\u201d i \u201ehybrydowych\u201d. Zapewnia \u0142atwy i nieograniczony dost\u0119p do tysi\u0119cy czasopism z setek dyscyplin w jednym miejscu. Paperity przypisuje sta\u0142e adresy (URL) stronom z artyku\u0142ami zapewniaj\u0105c u\u017cytkownikowi bezterminowy dost\u0119p. Wyszukiwarka indeksuje wy\u0142\u0105cznie rzetelne \u017ar\u00f3d\u0142a literatury stricte naukowej. Partnerami Paperity s\u0105: EBSCO, WorldCat, Altmetric,\u00a0 StrikePlagiarism.com i Plagiat.pl<\/span><\/span><\/p>\n<p style=\"text-align: justify;\"><a href=\"https:\/\/www.refseek.com\/\" target=\"_blank\" rel=\"noopener\"><strong>RefSeek<\/strong><\/a> <span style=\"font-size: 10pt;\">(<a href=\"http:\/\/www.academicindex.net\/\" target=\"_blank\" rel=\"noopener\"><strong>Academic Index<\/strong><\/a>)<\/span> &#8211; metawyszukiwarka tre\u015bci naukowych dla student\u00f3w i naukowc\u00f3w. Przeszukuje ponad 5 miliard\u00f3w dokument\u00f3w: naukowe i informacyjne strony www, konsorcja biblioteczne, ksi\u0105\u017cki, encyklopedie, czasopisma, dokumenty w formacie PDF, prezentacje, filmy. Mo\u017cna zaw\u0119zi\u0107 wyszukiwanie do wybranych kategorii np. nauki spo\u0142eczne, nauki techniczne, s\u0142owniki, encyklopedie, literatura, matematyka, zdrowie, medycyna, serwisy informacyjne, sztuki wizualne, pisanie,\u00a0 materia\u0142y \u017ar\u00f3d\u0142owe, dokumenty audiowizualne.<\/p>\n<p style=\"text-align: justify;\"><a href=\"https:\/\/www.researchgate.net\/\" target=\"_blank\" rel=\"noopener\"><strong>ResearchGate<\/strong><\/a> \u2013 wyszukiwarka, baza danych oraz zbi\u00f3r narz\u0119dzi u\u0142atwiaj\u0105cych publikowanie tre\u015bci naukowych. U\u017cytkownicy maj\u0105 mo\u017cliwo\u015b\u0107 opublikowania na prywatnym profilu w\u0142asnych prac naukowych, wyk\u0142ad\u00f3w, referat\u00f3w i artyku\u0142\u00f3w. Platforma posiada tak\u017ce wiele funkcji charakterystycznych dla serwis\u00f3w spo\u0142eczno\u015bciowych: mo\u017cliwo\u015b\u0107 wymiany wiadomo\u015bci w sieci, utrzymywanie kontakt\u00f3w z innymi u\u017cytkownikami na forach internetowych, tworzenie blog\u00f3w oraz udzia\u0142 w wirtualnych grupach dyskusyjnych. Wiele organizacji naukowych korzysta z ResearchGate jako narz\u0119dzia do komunikacji pomi\u0119dzy swoimi cz\u0142onkami. Przy poszukiwaniu literatury naukowej, internauci mog\u0105 korzysta\u0107 z takich baz danych jak: <a href=\"https:\/\/pl.wikipedia.org\/wiki\/PubMed\">PubMed<\/a>, <a href=\"https:\/\/pl.wikipedia.org\/wiki\/ArXiv\">ArXiv<\/a>, <a href=\"https:\/\/pl.wikipedia.org\/wiki\/Institute_of_Electrical_and_Electronics_Engineers\">IEEE<\/a>, CiteSeer, czy NASA Library. ResearchGate umo\u017cliwia samodzielne archiwizowanie tekst\u00f3w (Self-Archiving), korzystanie z wirtualnej biblioteki (Virtual Library), oraz tworzenie tzw. Microarticles, czyli abstrakt\u00f3w do 306 s\u0142\u00f3w. Dodatkowo u\u017cytkownicy korzystaj\u0105c z aplikacji Similar Abstract Search Engine (SASE), mo\u017cna otrzyma\u0107 semantyczn\u0105 analiz\u0119 wybranego abstraktu w celu odszukania powi\u0105zanych z nim artyku\u0142\u00f3w. W zak\u0142adce ResearchJobs znajduj\u0105 si\u0119 oferty pracy w bran\u017cy naukowej.<\/p>\n<p style=\"text-align: justify;\"><a href=\"https:\/\/unpaywall.org\/\" target=\"_blank\" rel=\"noopener\"><strong data-start=\"115\" data-end=\"128\">Unpaywall<\/strong><\/a> to bezp\u0142atne narz\u0119dzie umo\u017cliwiaj\u0105ce szybkie odnalezienie legalnych, pe\u0142notekstowych wersji artyku\u0142\u00f3w naukowych dost\u0119pnych w otwartym dost\u0119pie. Dzia\u0142a jako rozszerzenie do przegl\u0105darek, automatycznie sprawdzaj\u0105c, czy przegl\u0105dany artyku\u0142 ma darmow\u0105 wersj\u0119 w repozytoriach uczelnianych, instytucjonalnych i innych \u017ar\u00f3d\u0142ach open access. Unpaywall opiera si\u0119 na identyfikatorach DOI i wskazuje wy\u0142\u0105cznie wersje udost\u0119pnione zgodnie z prawem. Projekt jest rozwijany przez OurResearch &#8211; organizacj\u0119 non-profit\u00a0 wspieraj\u0105c\u0105 globalny, otwarty dost\u0119p do wiedzy naukowej.<\/p>\n<p><span style=\"font-size: 10pt;\"><em>Ostatnia aktualizacja: 29.01.2026<\/em><\/span><\/p>\n<p>&nbsp;<\/p>\n","protected":false},"excerpt":{"rendered":"<p>POLSKIE WYSZUKIWARKI i NARZ\u0118DZIA Arianta. Naukowe i bran\u017cowe polskie czasopisma elektroniczne &#8211; baza danych, kt\u00f3ra indeksuje polskie naukowe i bran\u017cowe&hellip;<\/p>\n","protected":false},"author":3,"featured_media":0,"parent":0,"menu_order":0,"comment_status":"closed","ping_status":"closed","template":"","meta":[],"_links":{"self":[{"href":"https:\/\/scbm.usz.edu.pl\/index.php\/wp-json\/wp\/v2\/pages\/377"}],"collection":[{"href":"https:\/\/scbm.usz.edu.pl\/index.php\/wp-json\/wp\/v2\/pages"}],"about":[{"href":"https:\/\/scbm.usz.edu.pl\/index.php\/wp-json\/wp\/v2\/types\/page"}],"author":[{"embeddable":true,"href":"https:\/\/scbm.usz.edu.pl\/index.php\/wp-json\/wp\/v2\/users\/3"}],"replies":[{"embeddable":true,"href":"https:\/\/scbm.usz.edu.pl\/index.php\/wp-json\/wp\/v2\/comments?post=377"}],"version-history":[{"count":43,"href":"https:\/\/scbm.usz.edu.pl\/index.php\/wp-json\/wp\/v2\/pages\/377\/revisions"}],"predecessor-version":[{"id":2758,"href":"https:\/\/scbm.usz.edu.pl\/index.php\/wp-json\/wp\/v2\/pages\/377\/revisions\/2758"}],"wp:attachment":[{"href":"https:\/\/scbm.usz.edu.pl\/index.php\/wp-json\/wp\/v2\/media?parent=377"}],"curies":[{"name":"wp","href":"https:\/\/api.w.org\/{rel}","templated":true}]}}