{"id":2323,"date":"2024-05-09T14:59:08","date_gmt":"2024-05-09T12:59:08","guid":{"rendered":"https:\/\/scbm.usz.edu.pl\/?page_id=2323"},"modified":"2026-04-10T17:11:48","modified_gmt":"2026-04-10T15:11:48","slug":"ebsco-webinaria-i-materialy-szkoleniowe","status":"publish","type":"page","link":"https:\/\/scbm.usz.edu.pl\/index.php\/ebsco-webinaria-i-materialy-szkoleniowe\/","title":{"rendered":"EBSCO &#8211; webinaria i materia\u0142y szkoleniowe"},"content":{"rendered":"<p><strong>EBSCO <\/strong><strong>Webinaria\u00a0 \u2013 harmonogram szkole\u0144 po polsku 2025<br \/>\n<\/strong><em>(szkolenia w\u00a0j\u0119zyku polskim. Co nowego w\u00a0Ebsco? Odwied\u017a <a href=\"https:\/\/www.ebsco.com\/pl-pl\/blogs\/ebscopost\" target=\"_blank\" rel=\"noopener\">blog<\/a>)<\/em><\/p>\n<p style=\"padding-left: 40px;\"><a href=\"https:\/\/ebsco-polish.zoom.us\/webinar\/register\/WN_xENAWatMTni4YtXmWA4K8Q\"><span lang=\"PL\"><strong><span style=\"font-size: 10pt;\">Academic Research Source jako narz\u0119dzie wsparcia pracy badawczej i dydaktycznej<\/span><\/strong><\/span><span style=\"font-size: 10pt;\">\u00a0<\/span><\/a><br \/>\n<span style=\"font-size: 10pt;\"><span lang=\"PL\">10 kwietnia 2026 r. | Godzina: 11:30 (60 minut) <strong>| <\/strong><\/span><a href=\"https:\/\/ebsco-polish.zoom.us\/webinar\/register\/WN_xENAWatMTni4YtXmWA4K8Q\"><span lang=\"PL\"><strong>Rejestracja<\/strong><\/span>\u00a0<\/a><\/span><\/p>\n<p style=\"padding-left: 40px;\"><span style=\"font-size: 10pt;\"><a href=\"https:\/\/ebsco-polish.zoom.us\/webinar\/register\/WN_SWQfgwcbQL-Upc4sc8JqrQ\"><span lang=\"PL\"><strong>EBSCOhost Tips &amp; Tricks: szybkie i skuteczne wyszukiwanie<\/strong><\/span>\u00a0<\/a><\/span><br \/>\n<span style=\"font-size: 10pt;\"><span lang=\"PL\">13 kwietnia 2026 r. | Godzina: 15:00 (45 minut)<strong> | <\/strong><\/span><a href=\"https:\/\/ebsco-polish.zoom.us\/webinar\/register\/WN_SWQfgwcbQL-Upc4sc8JqrQ\"><span lang=\"PL\"><strong>Rejestracja<\/strong><\/span>\u00a0<\/a><\/span><\/p>\n<p style=\"padding-left: 40px;\"><span style=\"font-size: 10pt;\"><a href=\"https:\/\/ebsco-polish.zoom.us\/webinar\/register\/WN_rjseFW7IR_KndY7vVEwwZQ\"><span lang=\"PL\"><strong>Art Source Ultimate \u2013 kompleksowa baza pe\u0142notekstowa dla bada\u0144 nad sztuk\u0105 i architektur\u0105<\/strong><\/span>\u00a0<\/a><\/span><br \/>\n<span style=\"font-size: 10pt;\"><span lang=\"PL\">17 kwietnia 2026 r. | Godzina: 10:30 (40 minut)<strong> | <\/strong><\/span><a href=\"https:\/\/ebsco-polish.zoom.us\/webinar\/register\/WN_rjseFW7IR_KndY7vVEwwZQ\"><span lang=\"PL\"><strong>Rejestracja<\/strong><\/span>\u00a0<\/a><\/span><\/p>\n<p style=\"padding-left: 40px;\"><span style=\"font-size: 10pt;\"><a href=\"https:\/\/ebsco-polish.zoom.us\/webinar\/register\/WN_8kpblnrFQ1mk5K_7Ta40yQ\"><span lang=\"PL\"><strong>MEDLINE Ultimate \u2013 pe\u0142notekstowe \u017ar\u00f3d\u0142o wiedzy medycznej<\/strong><\/span>\u00a0<\/a><\/span><br \/>\n<span style=\"font-size: 10pt;\"><span lang=\"PL\">22 kwietnia 2026 r. | Godzina: 11:30 (45 minut)<strong> | <\/strong><\/span><a href=\"https:\/\/ebsco-polish.zoom.us\/webinar\/register\/WN_8kpblnrFQ1mk5K_7Ta40yQ\"><span lang=\"PL\"><strong>Rejestracja<\/strong><\/span>\u00a0<\/a><\/span><\/p>\n<p style=\"padding-left: 40px;\"><span style=\"font-size: 10pt;\"><a href=\"https:\/\/ebsco-polish.zoom.us\/webinar\/register\/WN_Vy_9yRUGT3-F5ZGnJXUEQw\"><span lang=\"PL\"><strong>Mikrosesja: People Pages w EBSCO \u2013 szybki dost\u0119p do profili badaczy i ich dorobku<\/strong><\/span>\u00a0<\/a><\/span><br \/>\n<span style=\"font-size: 10pt;\"><span lang=\"PL\">23 kwietnia 2026 r. | Godzina: 10:00 (15 minut)<strong> | <\/strong><\/span><a href=\"https:\/\/ebsco-polish.zoom.us\/webinar\/register\/WN_Vy_9yRUGT3-F5ZGnJXUEQw\"><span lang=\"PL\"><strong>Rejestracja<\/strong><\/span>\u00a0<\/a><\/span><\/p>\n<p style=\"padding-left: 40px;\"><span style=\"font-size: 10pt;\"><a href=\"https:\/\/ebsco-polish.zoom.us\/webinar\/register\/WN_tWtJco3eShOZI2YqmBMKMw\"><span lang=\"PL\"><strong>Pobieranie e ksi\u0105\u017cek w ca\u0142o\u015bci ponownie dost\u0119pne! Wszystko, co powiniene\u015b wiedzie\u0107<\/strong><\/span>\u00a0<\/a><\/span><br \/>\n<span style=\"font-size: 10pt;\"><span lang=\"PL\">28 kwietnia 2026 r. | Godzina: 11:00 (45 minut)<strong> | <\/strong><\/span><a href=\"https:\/\/ebsco-polish.zoom.us\/webinar\/register\/WN_tWtJco3eShOZI2YqmBMKMw\"><span lang=\"PL\"><strong>Rejestracja<\/strong><\/span>\u00a0<\/a><\/span><\/p>\n<p style=\"padding-left: 40px;\">\n<p>&#8212;&#8212;&#8212;&#8212;&#8212;&#8212;&#8212;&#8212;&#8212;&#8212;&#8212;&#8212;&#8212;&#8212;&#8212;&#8212;&#8211;<\/p>\n<div class=\"field field--name-field-blog-content field--type-entity-reference-revisions field--label-hidden field__item\">\n<div class=\"paragraph paragraph--type--container-text paragraph--view-mode--blog-article text-container\">\n<div class=\"field field--name-field-text-text field--type-text-long field--label-hidden field__item\">\n<p><span lang=\"PL\"><strong><span style=\"font-size: 10pt;\">Sesje Wydawc\u00f3w <\/span><\/strong><span style=\"font-size: 10pt;\">(cz\u0119\u015bciowo w j\u0119zyku angielskim)<\/span><strong><br \/>\n<\/strong><\/span><span lang=\"PL\" style=\"font-size: 8pt;\">(Rejestracja umo\u017cliwia w wi\u0119kszo\u015bci przypadk\u00f3w dost\u0119p do nagrania wideo z danej sesji).<\/span><\/p>\n<p>&#8212;&#8212;&#8212;&#8212;&#8212;&#8212;&#8212;&#8212;&#8212;&#8212;&#8212;<\/p>\n<\/div>\n<\/div>\n<\/div>\n<p style=\"padding-left: 40px;\"><span style=\"font-size: 10pt;\">\u00a0<\/span><\/p>\n<p><strong><a href=\"https:\/\/connect.ebsco.com\/s\/article\/Zasoby-w-j-polskim?language=en_US\" target=\"_blank\" rel=\"noopener\">Instrukcje dotycz\u0105ce korzystania z\u00a0baz na\u00a0platformie EBSCO w\u00a0j\u0119zyku polskim<\/a><\/strong><br \/>\n(przydatne funkcje wyszukiwawcze i narz\u0119dzia usprawniaj\u0105ce prac\u0119 z wykorzystaniem zasob\u00f3w EBSCO)\u2014\u2014\u2014\u2014\u2014\u2014\u2014\u2014\u2014\u2014\u2014\u2014\u2014\u2014\u2014\u2014\u2014\u2014\u2014\u2014\u2014\u2014\u2014\u2014\u2014\u2014\u2014\u2014\u2014\u2014\u2014\u2014\u2014\u2014\u2014\u2014\u2014\u2014\u2014\u2014\u2014\u2014\u2014\u2014\u2014\u2014\u2014\u2014\u2014\u2014\u2014<\/p>\n<p style=\"text-align: center;\"><strong><span style=\"font-size: 18pt;\">A R C H I W U M<\/span><\/strong><\/p>\n<p><strong>Nagrania wideo szkole\u0144 z\u00a0trenerem:<\/strong><\/p>\n<ul>\n<li style=\"list-style-type: none;\">\n<ul style=\"list-style-type: circle;\">\n<li><span style=\"font-size: 10pt;\"><em>Nagrania c<strong>yklu szkole\u0144 \u201cNapisz prac\u0119 licencjack\u0105 i\u00a0magistersk\u0105 z\u00a0EBSCO!\u201d<br \/>\n<\/strong><\/em><strong><a href=\"https:\/\/youtu.be\/N3-GD5nGGLw\" target=\"_blank\" rel=\"noopener\"><span lang=\"PL\" xml:lang=\"PL\">Cz\u0119\u015b\u0107 1. <\/span><\/a><a href=\"https:\/\/youtu.be\/N3-GD5nGGLw\" target=\"_blank\" rel=\"noopener\">Jak szuka\u0107 recenzowanych naukowo materia\u0142\u00f3w w\u00a0bazach EBSCO? Warsztat tworzenia strategii wyszukiwawczych.<\/a><br \/>\n<\/strong><strong><a href=\"https:\/\/youtu.be\/93uDleKXh1s\" target=\"_blank\" rel=\"noopener\"><span lang=\"PL\" xml:lang=\"PL\">Cz\u0119\u015b\u0107 2. <\/span><\/a><a href=\"https:\/\/youtu.be\/93uDleKXh1s\" target=\"_blank\" rel=\"noopener\">Przegl\u0105d przydatnych funkcji platformy EBSCOhost<\/a><br \/>\n<\/strong>\u2014\u2014\u2014\u2014\u2014\u2014\u2014\u2014\u2014\u2014\u2014\u2014\u2014\u2014\u2014\u2014\u2014\u2014\u2014\u2014<\/span><\/li>\n<li><span style=\"font-size: 10pt;\"><a href=\"https:\/\/ebsco-polish.zoom.us\/rec\/share\/eQP_nGNA4wfgQL3BTJZTWIAOIc98Kj4s0YAO8JNchIjQ8HS44yoY9nKH-ZyRdzRk.zCPUGc72yBFpRkmt\" target=\"_blank\" rel=\"noopener\"><strong>Przegl\u0105d narz\u0119dzi EBSCOhost przydatnych w\u00a0pracy badawczej<\/strong><\/a>| Has\u0142o: EBSCO2021!<\/span><br \/>\n<span style=\"font-size: 10pt;\">Podczas sesji om\u00f3wiono zagadnienia zwi\u0105zane z\u00a0prowadzeniem bada\u0144 na\u00a0platformie EBSCOhost.<\/span><\/li>\n<\/ul>\n<\/li>\n<\/ul>\n<ul>\n<li style=\"list-style-type: none;\">\n<ul>\n<li><span style=\"font-size: 10pt;\"><b><a href=\"https:\/\/ebsco-polish.zoom.us\/rec\/share\/zpty6hQH7kQrY6GW_rJRHM4woQNec3pbtbsKIPcYRxl2ldeuCBmp1Aqww5paps2S.-8qRMF4hFDaDgAR7\">Jak najlepiej wykorzysta\u0107 ograniczenia, rozszerzenia i\u00a0fasety na\u00a0EBSCO<i>host<\/i><\/a><\/b> Has\u0142o: EBSCO2021!<\/span><br \/>\n<span style=\"font-size: 10pt;\">Przegl\u0105d najwa\u017cniejszych opcji pozwalaj\u0105cych zaw\u0119zi\u0107 i\u00a0doprecyzowa\u0107 wyniki otrzymane podczas wyszukiwania za\u00a0po\u015brednictwem platformy EBSCOhost. Om\u00f3wienie opcji tj.: wyb\u00f3r trybu wyszukiwania, wyszukiwanie w\u00a0pe\u0142nym tek\u015bcie, dostosowanie j\u0119zyka, daty publikacji, tematyki, tytu\u0142u publikacji i\u00a0wielu innych\u2026<\/span><\/li>\n<li><span style=\"font-size: 10pt;\"><b><a href=\"https:\/\/ebsco-polish.zoom.us\/rec\/share\/h9__fOv9EJMLp5AaZnCnnD30zOLpLEhl5op6XjdZ0-HJ36oKvdQrWYSw8QxDqLA.av8UkFBWeRgSaPZ0\">Poznaj Academic Research Source \u2013 bogat\u0105 baz\u0119 czasopism i\u00a0e-ksi\u0105\u017cek<\/a><\/b> Has\u0142o: EBSCO2021!<\/span><br \/>\n<span style=\"font-size: 10pt;\">Szkolenie dedykowane bazie Academic Research Source, dzi\u0119ki kt\u00f3rej\u00a0uzyskasz dost\u0119p do\u00a0ponad 5.300 czasopism oraz\u00a0licznych warto\u015bciowych ksi\u0105\u017cek elektronicznych. Podczas szkolenia dowiesz si\u0119, jak wyszukiwa\u0107 artyku\u0142y z\u00a0czasopism oraz\u00a0e-ksi\u0105\u017cki w\u00a0bazie, jak r\u00f3wnie\u017c poznasz rozwi\u0105zania umo\u017cliwiaj\u0105ce korzystanie z\u00a0tych materia\u0142\u00f3w offline.<\/span><\/li>\n<\/ul>\n<\/li>\n<\/ul>\n<ul>\n<li style=\"list-style-type: none;\">\n<ul>\n<li><span style=\"font-size: 10pt;\"><a href=\"https:\/\/ebsco-polish.zoom.us\/rec\/share\/dk0kJHhlOxDhLY1k-awMXL-1IvUZYVhYE3hoAx_Tasssh-Fgl8TwFl_K_ulZtAmL.ZGIMYMBFiDeSMgAJ\"><b>Modele zakupu e-ksi\u0105\u017cek<\/b><\/a> Has\u0142o: EBSCO2021!<\/span><br \/>\n<span style=\"font-size: 10pt;\">Podczas szkolenia podj\u0119li\u015bmy najwa\u017cniejsze zagadnienia dotycz\u0105ce tego, o\u00a0czym powinni\u015bmy wiedzie\u0107 przed\u00a0decyzj\u0105 o\u00a0poszerzeniu kolekcji e-ksi\u0105\u017cek w\u00a0bibliotece. Om\u00f3wili\u015bmy mi\u0119dzy innymi zakup ograniczony do\u00a0wybranej liczby u\u017cytkownik\u00f3w, zakup przygotowanej kolekcji tematycznej, prenumerat\u0119, zakup tytu\u0142\u00f3w w\u00a0wersji DRM i\u00a0DRMfree.<\/span><\/li>\n<li><span style=\"font-size: 10pt;\"><a href=\"https:\/\/ebsco-polish.zoom.us\/rec\/share\/UNXfcSC2Y1vPUaMifoBAcZvCp4dbEDo8kN5rKhc5tFcVpvto2VcM6ZKBnKCUkHMx.3Zym3ug1cuvVNKDD\"><b>Przegl\u0105d modu\u0142u raportowania w\u00a0panelu administracyjnym EBSCOadmin <\/b><\/a>Has\u0142o: EBSCO2021!<\/span><br \/>\n<span style=\"font-size: 10pt;\">Podczas szkolenia dokonali\u015bmy og\u00f3lnego przegl\u0105du modu\u0142u raportowania dla baz i\u00a0narz\u0119dzi EBSCO. Pokazali\u015bmy, jak sprawdza\u0107 wykorzystanie poszczeg\u00f3lnych baz, e-ksi\u0105\u017cek oraz\u00a0interfejs\u00f3w.<\/span><\/li>\n<\/ul>\n<\/li>\n<\/ul>\n<p><strong><a href=\"https:\/\/scbm.usz.edu.pl\/index.php\/materialy-szkoleniowe\/\"><em><span style=\"font-size: 8pt;\">POWR\u00d3T<\/span><\/em><\/a><\/strong><\/p>\n","protected":false},"excerpt":{"rendered":"<p>EBSCO Webinaria\u00a0 \u2013 harmonogram szkole\u0144 po polsku 2025 (szkolenia w\u00a0j\u0119zyku polskim. Co nowego w\u00a0Ebsco? Odwied\u017a blog) Academic Research Source jako&hellip;<\/p>\n","protected":false},"author":3,"featured_media":0,"parent":0,"menu_order":0,"comment_status":"closed","ping_status":"closed","template":"","meta":[],"_links":{"self":[{"href":"https:\/\/scbm.usz.edu.pl\/index.php\/wp-json\/wp\/v2\/pages\/2323"}],"collection":[{"href":"https:\/\/scbm.usz.edu.pl\/index.php\/wp-json\/wp\/v2\/pages"}],"about":[{"href":"https:\/\/scbm.usz.edu.pl\/index.php\/wp-json\/wp\/v2\/types\/page"}],"author":[{"embeddable":true,"href":"https:\/\/scbm.usz.edu.pl\/index.php\/wp-json\/wp\/v2\/users\/3"}],"replies":[{"embeddable":true,"href":"https:\/\/scbm.usz.edu.pl\/index.php\/wp-json\/wp\/v2\/comments?post=2323"}],"version-history":[{"count":48,"href":"https:\/\/scbm.usz.edu.pl\/index.php\/wp-json\/wp\/v2\/pages\/2323\/revisions"}],"predecessor-version":[{"id":2815,"href":"https:\/\/scbm.usz.edu.pl\/index.php\/wp-json\/wp\/v2\/pages\/2323\/revisions\/2815"}],"wp:attachment":[{"href":"https:\/\/scbm.usz.edu.pl\/index.php\/wp-json\/wp\/v2\/media?parent=2323"}],"curies":[{"name":"wp","href":"https:\/\/api.w.org\/{rel}","templated":true}]}}