{"id":2321,"date":"2024-05-09T14:40:51","date_gmt":"2024-05-09T12:40:51","guid":{"rendered":"https:\/\/scbm.usz.edu.pl\/?page_id=2321"},"modified":"2026-03-20T12:32:13","modified_gmt":"2026-03-20T11:32:13","slug":"web-of-science-webinaria-i-materialy-szkoleniowe","status":"publish","type":"page","link":"https:\/\/scbm.usz.edu.pl\/index.php\/web-of-science-webinaria-i-materialy-szkoleniowe\/","title":{"rendered":"Web of Science &#8211; webinaria i materia\u0142y szkoleniowe"},"content":{"rendered":"<p><span style=\"font-size: 14pt;\"><strong>WEB of SCIENCE \u2013 <\/strong><strong>harmonogram szkole\u0144 internetowych po polsku 2025<\/strong><\/span><\/p>\n<p style=\"padding-left: 40px;\"><span style=\"font-size: 10pt;\"><strong><a href=\"https:\/\/clarivatesupport.webex.com\/webappng\/sites\/clarivatesupport\/meeting\/register\/7fe1253a6b474fc39fcd69a56ff9668d?ticket=4832534b00000008ce168b37f848624ec81ffc03942f256ed0d1234b7e8868cc5abd39df3a05720c&amp;timestamp=1774006213445&amp;RGID=r7f5fa8e8c30a3b17b24a0644e0f45c55&amp;isAutoPopRegisterForm=false\" target=\"_blank\" rel=\"noopener\">Wsparcie programu \u201eInicjatywa Doskona\u0142o\u015bci \u2013 Uczelnia Badawcza\u201d (IDUB 2.0) z wykorzystaniem Web of Science i InCites<\/a><br \/>\n<\/strong><\/span><span style=\"font-size: 10pt;\">Data: 24.03.2026, godz.10:00-11:30 |<a href=\"https:\/\/clarivatesupport.webex.com\/weblink\/register\/r7f5fa8e8c30a3b17b24a0644e0f45c55\" target=\"_blank\" rel=\"noopener\"> REJESTRACJA<\/a><\/span><\/p>\n<p class=\"mb-20 text-primary fs-1 \" style=\"padding-left: 40px;\"><span style=\"font-size: 10pt;\"><strong><a href=\"https:\/\/clarivate.com\/academia-government\/events\/podejmowanie-swiadomych-decyzji-dotyczacych-zbiorow-czasopism-i-umow-transformacyjnych\/\" target=\"_blank\" rel=\"noopener\">Podejmowanie \u015bwiadomych decyzji dotycz\u0105cych zbior\u00f3w czasopism i um\u00f3w transformacyjnych<\/a><br \/>\n<\/strong><\/span><span style=\"font-size: 10pt;\">Data: 27.03.2026, godz.10:00-11:00 |<a href=\"https:\/\/clarivate.com\/academia-government\/events\/podejmowanie-swiadomych-decyzji-dotyczacych-zbiorow-czasopism-i-umow-transformacyjnych\/\" target=\"_blank\" rel=\"noopener\"> REJESTRACJA<\/a><\/span><\/p>\n<hr \/>\n<p><span style=\"font-size: 10pt;\">TEMATY\u00a0 SZKOLE\u0143 WoS w: <a href=\"https:\/\/clarivate.com\/academia-government\/training-support\/training-calendar-live\/?wpv_view_count=271150&amp;wpv_post_search=&amp;wpv_filter_submit=Search&amp;clv-product=0&amp;clv-event-language=0\" target=\"_blank\" rel=\"noopener\"><strong>j\u0119zyku angielskim<\/strong> i\u00a0innych j\u0119zykach<\/a><\/span><br \/>\n<span style=\"font-size: 10pt;\">\u2014\u2014\u2014\u2014\u2014\u2014\u2014\u2014\u2014\u2014\u2014\u2014\u2014\u2014\u2014\u2014\u2014\u2014\u2014\u2014\u2014\u2014\u2014\u2014\u2014\u2014\u2014\u2014\u2014\u2014\u2014\u2014\u2014<\/span><\/p>\n<p style=\"text-align: center;\"><strong><span style=\"font-size: 18pt;\">A R C H I W U M<\/span><\/strong><\/p>\n<p class=\"x_MsoNormal\">Nagrane webinaria Web of Science<\/p>\n<div class=\"webinar-item col-sm-8 py-5\">\n<h4><a href=\"https:\/\/clarivate.com\/webofsciencegroup\/campaigns\/web-of-science-citation-connection\/\"><span style=\"font-size: 10pt;\">Web of Science \u2013 Citation Connection<\/span><\/a><br \/>\n<span style=\"font-size: 10pt;\"><a href=\"https:\/\/clarivate.com\/webofsciencegroup\/campaigns\/web-of-science-tworzenie-raportow-cytowan-i-indeks-hirscha\/\">Web of Science \u2013 tworzenie raport\u00f3w cytowa\u0144 i\u00a0indeks Hirscha<\/a><strong><br \/>\n<\/strong><a href=\"https:\/\/clarivate.com\/webofsciencegroup\/campaigns\/odkryj-nowy-endnote-20\/\">Odkryj nowy EndNote 20<\/a><\/span><br \/>\n<span style=\"font-size: 10pt;\"><a href=\"https:\/\/clarivate.com\/webofsciencegroup\/campaigns\/czasopisma-wschodzace-z-emerging-source-citation-index-selekcja-wplyw-i-znaczenie\/\">Czasopisma wschodz\u0105ce z\u00a0Emerging Source Citation Index \u2013 selekcja, wp\u0142yw i\u00a0znaczenie<\/a><\/span><br \/>\n<span style=\"font-size: 10pt;\"><a href=\"https:\/\/clarivate.com\/webofsciencegroup\/campaigns\/analiza-pozycji-autora-w-publikacji-w-incites-benchmarking-analytics\/\">Analiza pozycji autora w\u00a0publikacji w\u00a0InCites Benchmarking &amp; Analytics<\/a><\/span><br \/>\n<span style=\"font-size: 10pt;\"><a href=\"https:\/\/clarivate.com\/webofsciencegroup\/campaigns\/odnajdywanie-wlasciwych-iformacji-poprzez-zaawansowane-kwerendy\/\">Odnajdywanie w\u0142a\u015bciwych informacji poprzez zaawansowane kwerendy<\/a><\/span><br \/>\n<span style=\"font-size: 10pt;\"><a href=\"https:\/\/clarivate.com\/webofsciencegroup\/campaigns\/jak-przeprowadzic-przeglad-literatury\/\">Jak przeprowadzi\u0107 przegl\u0105d literatury<\/a><\/span><br \/>\n<span style=\"font-size: 10pt;\"><a href=\"https:\/\/clarivate.com\/webofsciencegroup\/campaigns\/jak-wyszukiwac-i-analizowac-czasopisma-otwartego-dostepu\/\">Jak wyszukiwa\u0107 i\u00a0analizowa\u0107 czasopisma otwartego dost\u0119pu<\/a><\/span><br \/>\n<span style=\"font-size: 10pt;\"><a href=\"https:\/\/clarivate.com\/webofsciencegroup\/campaigns\/poznaj-lepiej-swoj-obszar-badan-co-mozemy-powiedziec-o-wybranej-dyscyplinie\/\">Poznaj lepiej sw\u00f3j obszar bada\u0144. Co mo\u017cemy powiedzie\u0107 o\u00a0wybranej dyscyplinie?<\/a><\/span><br \/>\n<span style=\"font-size: 10pt;\"><a href=\"https:\/\/clarivate.com\/webofsciencegroup\/campaigns\/jak-dobrze-zaprezentowac-swoja-prace-i-dorobek-naukowy\/\">Jak dobrze zaprezentowa\u0107 swoj\u0105 prac\u0119 i\u00a0dorobek naukowy<\/a><\/span><br \/>\n<span style=\"font-size: 10pt;\"><a href=\"https:\/\/clarivate.com\/webofsciencegroup\/campaigns\/jak-wybrac-czasopismo-do-publikacji-mojej-pracy-web-of-science-i-incites-w-praktyce\/\">Jak wybra\u0107 czasopismo do\u00a0publikacji mojej\u00a0pracy \u2013 Web of Science i\u00a0InCites w\u00a0praktyce<\/a><\/span><br \/>\n<span style=\"font-size: 10pt;\"><a href=\"https:\/\/clarivate.com\/webofsciencegroup\/campaigns\/rozszerzenie-spojrzenia-na-krajobraz-badawczy-emerging-sources-citation-index\/\">Rozszerzenie spojrzenia na\u00a0krajobraz badawczy Emerging Sources Citation Index<\/a><\/span><br \/>\n<span style=\"font-size: 10pt;\"><a href=\"https:\/\/clarivate.com\/webofsciencegroup\/campaigns\/znaczenie-badan-realizowanych-w-ramach-wspolpracy\/\">Znaczenie bada\u0144 realizowanych w\u00a0ramach wsp\u00f3\u0142pracy<\/a><\/span><br \/>\n<span style=\"font-size: 10pt;\"><a href=\"https:\/\/clarivate.com\/webofsciencegroup\/campaigns\/nowa-platforma-web-of-science-podstawy-wyszukiwania-i-nawigacji\/\">Nowa platforma Web of Science \u2013 podstawy wyszukiwania i\u00a0nawigacji<\/a><\/span><br \/>\n<span style=\"font-size: 10pt;\"><a href=\"https:\/\/clarivate.com\/webofsciencegroup\/campaigns\/incites-benchmarking-analytics-podstawy-analiz-i-nawigacji\/\">InCites Benchmarking &amp; Analytics \u2013 podstawy analiz i\u00a0nawigacji<\/a><\/span><br \/>\n<span style=\"font-size: 10pt;\"><a href=\"https:\/\/clarivate.com\/webofsciencegroup\/campaigns\/przedstawiamy-nowa-platforme-web-of-science-akademia-web-of-science-i-incites\/\">Przedstawiamy now\u0105 platform\u0119 Web of Science \u2013 Akademia Web of Science i\u00a0InCites<\/a><\/span><br \/>\n<span style=\"font-size: 10pt;\"><a href=\"https:\/\/clarivate.com\/webofsciencegroup\/campaigns\/najwazniejsze-innowacje-i-zmiany-w-web-of-science-w-2020-roku\/\">Najwa\u017cniejsze innowacje i\u00a0zmiany w\u00a0Web of Science w\u00a02020 roku<\/a><\/span><br \/>\n<span style=\"font-size: 10pt;\"><a href=\"https:\/\/clarivate.com\/webofsciencegroup\/campaigns\/przedstawiamy-nowa-platforme-web-of-science-research-smarter\/\">Przedstawiamy now\u0105 platform\u0119 Web of Science \u2013 Research. Smarter.<\/a><\/span><br \/>\n<span style=\"font-size: 10pt;\"><a href=\"https:\/\/clarivate.com\/webofsciencegroup\/campaigns\/essential-science-indicators-na-platformie-incites\/\">Essential Science Indicators na\u00a0platformie InCites<\/a><\/span><strong><br \/>\n<\/strong>\u2014\u2014\u2014\u2014\u2014\u2014\u2014\u2014\u2014\u2014\u2014\u2014\u2014\u2014\u2014\u2014\u2014\u2014\u2014\u2014\u2014\u2014\u2014\u2014\u2014\u2014\u2014\u2014\u2014\u2014\u2014\u2014\u2014\u2014\u2014\u2014\u2014\u2014\u2014\u2014\u2014\u2014<\/h4>\n<\/div>\n<p><strong><a href=\"https:\/\/scbm.usz.edu.pl\/index.php\/materialy-szkoleniowe\/\"><em><span style=\"font-size: 8pt;\">POWR\u00d3T<\/span><\/em><\/a><\/strong><\/p>\n","protected":false},"excerpt":{"rendered":"<p>WEB of SCIENCE \u2013 harmonogram szkole\u0144 internetowych po polsku 2025 Wsparcie programu \u201eInicjatywa Doskona\u0142o\u015bci \u2013 Uczelnia Badawcza\u201d (IDUB 2.0) z&hellip;<\/p>\n","protected":false},"author":3,"featured_media":0,"parent":0,"menu_order":0,"comment_status":"closed","ping_status":"closed","template":"","meta":[],"_links":{"self":[{"href":"https:\/\/scbm.usz.edu.pl\/index.php\/wp-json\/wp\/v2\/pages\/2321"}],"collection":[{"href":"https:\/\/scbm.usz.edu.pl\/index.php\/wp-json\/wp\/v2\/pages"}],"about":[{"href":"https:\/\/scbm.usz.edu.pl\/index.php\/wp-json\/wp\/v2\/types\/page"}],"author":[{"embeddable":true,"href":"https:\/\/scbm.usz.edu.pl\/index.php\/wp-json\/wp\/v2\/users\/3"}],"replies":[{"embeddable":true,"href":"https:\/\/scbm.usz.edu.pl\/index.php\/wp-json\/wp\/v2\/comments?post=2321"}],"version-history":[{"count":24,"href":"https:\/\/scbm.usz.edu.pl\/index.php\/wp-json\/wp\/v2\/pages\/2321\/revisions"}],"predecessor-version":[{"id":2811,"href":"https:\/\/scbm.usz.edu.pl\/index.php\/wp-json\/wp\/v2\/pages\/2321\/revisions\/2811"}],"wp:attachment":[{"href":"https:\/\/scbm.usz.edu.pl\/index.php\/wp-json\/wp\/v2\/media?parent=2321"}],"curies":[{"name":"wp","href":"https:\/\/api.w.org\/{rel}","templated":true}]}}