{"id":2055,"date":"2023-06-21T10:35:19","date_gmt":"2023-06-21T08:35:19","guid":{"rendered":"https:\/\/scbm.usz.edu.pl\/?page_id=2055"},"modified":"2025-02-13T10:26:26","modified_gmt":"2025-02-13T09:26:26","slug":"informator-biblioteki-miedzywydzialowej","status":"publish","type":"page","link":"https:\/\/scbm.usz.edu.pl\/index.php\/informator-biblioteki-miedzywydzialowej\/","title":{"rendered":"INFORMATOR BM"},"content":{"rendered":"<p style=\"text-align: justify;\"><strong>INFORMATOR BIBLIOTEKI MI\u0118DZYWYDZIA\u0141OWEJ<\/strong> <span style=\"font-size: 10pt;\">&#8211; pismo tworzone przez bibliotekarzy Biblioteki Mi\u0119dzywydzia\u0142owej. Tre\u015b\u0107 informatora zawiera informacje o wa\u017cnych i przydatnych \u017ar\u00f3d\u0142ach elektronicznych, aktualno\u015bci biblioteczne, w tym tak\u017ce rejestr nowo\u015bci wydawniczych wp\u0142ywaj\u0105cych do biblioteki w bie\u017c\u0105cym roku oraz kronik\u0119 wydarze\u0144. Informator BM wydawany jest \u015brednio dwa razy w roku, w dw\u00f3ch r\u00f3wnoleg\u0142ych wersjach &#8211; dla pracownik\u00f3w Instytutu J\u0119zykoznawstwa, Instytutu Literatury i Nowych Medi\u00f3w, Wydzia\u0142u Humanistycznego oraz dla pracownik\u00f3w Instytutu Nauk o Kulturze Fizycznej, Wydzia\u0142u Kultury Fizycznej i Zdrowia.<\/span><\/p>\n<p><a href=\"https:\/\/scbm.usz.edu.pl\/wp-content\/uploads\/2025\/02\/informator-nr-13-KF-1.pdf\" target=\"_blank\" rel=\"noopener\"><strong>Informator BM 13 \/ 2025<\/strong> \/<span style=\"font-size: 10pt;\">wersja z nowo\u015bciami z zakresu kultury fizycznej\/\u00a0\u00a0\u00a0\u00a0 <\/span><\/a><span style=\"font-size: 8pt; color: #ffffff; background-color: #800000;\"><strong><span style=\"font-family: book antiqua, palatino, serif;\"><em>NOWY NR<\/em><\/span><\/strong><\/span><br \/>\n<a href=\"https:\/\/scbm.usz.edu.pl\/wp-content\/uploads\/2025\/02\/informator-nr-13-FIL.pdf\" target=\"_blank\" rel=\"noopener\"><strong>Informator BM 13 \/ 2025<\/strong> <\/a><span style=\"font-size: 10pt;\"><a href=\"https:\/\/scbm.usz.edu.pl\/wp-content\/uploads\/2025\/02\/informator-nr-13-FIL.pdf\" target=\"_blank\" rel=\"noopener\">\/wersja z nowo\u015bciami z zakresu nauk filologicznych\/<\/a>\u00a0<span style=\"background-color: #800000; font-size: 8pt;\">\u00a0<span style=\"color: #ffffff;\"><strong><span style=\"font-family: book antiqua, palatino, serif;\"><em>NOWY NR<\/em><\/span><\/strong><\/span><\/span><br \/>\n<\/span><a href=\"https:\/\/scbm.usz.edu.pl\/wp-content\/uploads\/2024\/06\/informator-nr-12-KF.pdf\" target=\"_blank\" rel=\"noopener\"><strong>Informator BM 12 \/ 2024<\/strong> <span style=\"font-size: 10pt;\">\/wersja z nowo\u015bciami z zakresu kultury fizycznej\/<\/span><\/a><br \/>\n<a href=\"https:\/\/scbm.usz.edu.pl\/wp-content\/uploads\/2024\/06\/informator-nr-12-FIL-1.pdf\" target=\"_blank\" rel=\"noopener\"><strong>Informator BM 12 \/ 2024<\/strong> <span style=\"font-size: 10pt;\">\/wersja z nowo\u015bciami z zakresu nauk filologicznych\/<\/span><\/a><br \/>\n<a href=\"https:\/\/scbm.usz.edu.pl\/wp-content\/uploads\/2024\/02\/informator-nr-11-KF.pdf\" target=\"_blank\" rel=\"noopener\"><strong>Informator BM 11 \/ 2024<\/strong> <span style=\"font-size: 10pt;\">\/wersja z nowo\u015bciami z zakresu kultury fizycznej\/<\/span><\/a><br \/>\n<a href=\"https:\/\/scbm.usz.edu.pl\/wp-content\/uploads\/2024\/02\/informator-nr-11-FIL.pdf\" target=\"_blank\" rel=\"noopener\"><strong>Informator BM 11 \/ 2024<\/strong> <span style=\"font-size: 10pt;\">\/wersja z nowo\u015bciami z zakresu nauk filologicznych\/<\/span><\/a><br \/>\n<a href=\"https:\/\/scbm.usz.edu.pl\/wp-content\/uploads\/2023\/06\/informator-nr-10-KF.pdf\" target=\"_blank\" rel=\"noopener\"><strong>Informator BM 10 \/ 2023<\/strong> <span style=\"font-size: 10pt;\">\/wersja z nowo\u015bciami z zakresu kultury fizycznej i zdrowia\/<\/span><\/a><br \/>\n<a href=\"https:\/\/scbm.usz.edu.pl\/wp-content\/uploads\/2023\/06\/informator-nr-10-FIL.pdf\" target=\"_blank\" rel=\"noopener\"><strong>Informator BM 10 \/ 2023<\/strong> <span style=\"font-size: 10pt;\">\/wersja z nowo\u015bciami z zakresu nauk filologicznych\/<\/span><\/a><\/p>\n<p><span style=\"color: #ff6600;\"><span style=\"color: #808080;\">Numery archiwalne Informatora BM<\/span>\u00a0\u00a0\u00a0<span style=\"font-size: 10pt;\"> <em>wkr\u00f3tce na stronie<br \/>\n<\/em><\/span><\/span><\/p>\n<p><em><span style=\"font-size: 8pt;\">ostatnia aktualizacja: 13.02.2025<\/span><\/em><\/p>\n","protected":false},"excerpt":{"rendered":"<p>INFORMATOR BIBLIOTEKI MI\u0118DZYWYDZIA\u0141OWEJ &#8211; pismo tworzone przez bibliotekarzy Biblioteki Mi\u0119dzywydzia\u0142owej. Tre\u015b\u0107 informatora zawiera informacje o wa\u017cnych i przydatnych \u017ar\u00f3d\u0142ach elektronicznych,&hellip;<\/p>\n","protected":false},"author":3,"featured_media":0,"parent":0,"menu_order":0,"comment_status":"closed","ping_status":"closed","template":"","meta":[],"_links":{"self":[{"href":"https:\/\/scbm.usz.edu.pl\/index.php\/wp-json\/wp\/v2\/pages\/2055"}],"collection":[{"href":"https:\/\/scbm.usz.edu.pl\/index.php\/wp-json\/wp\/v2\/pages"}],"about":[{"href":"https:\/\/scbm.usz.edu.pl\/index.php\/wp-json\/wp\/v2\/types\/page"}],"author":[{"embeddable":true,"href":"https:\/\/scbm.usz.edu.pl\/index.php\/wp-json\/wp\/v2\/users\/3"}],"replies":[{"embeddable":true,"href":"https:\/\/scbm.usz.edu.pl\/index.php\/wp-json\/wp\/v2\/comments?post=2055"}],"version-history":[{"count":17,"href":"https:\/\/scbm.usz.edu.pl\/index.php\/wp-json\/wp\/v2\/pages\/2055\/revisions"}],"predecessor-version":[{"id":2513,"href":"https:\/\/scbm.usz.edu.pl\/index.php\/wp-json\/wp\/v2\/pages\/2055\/revisions\/2513"}],"wp:attachment":[{"href":"https:\/\/scbm.usz.edu.pl\/index.php\/wp-json\/wp\/v2\/media?parent=2055"}],"curies":[{"name":"wp","href":"https:\/\/api.w.org\/{rel}","templated":true}]}}