{"id":1891,"date":"2022-08-12T12:10:15","date_gmt":"2022-08-12T10:10:15","guid":{"rendered":"https:\/\/scbm.usz.edu.pl\/?page_id=1891"},"modified":"2022-08-12T12:10:15","modified_gmt":"2022-08-12T10:10:15","slug":"pwn-nauka","status":"publish","type":"page","link":"https:\/\/scbm.usz.edu.pl\/index.php\/pwn-nauka\/","title":{"rendered":"PWN NAUKA"},"content":{"rendered":"<p><strong><a href=\"https:\/\/nauka.pwn.pl\/?utm_term=utm_term&amp;snrs_cl=44a315b0-6226-11eb-a52e-97490f3a421d&amp;snrs_medium=email&amp;utm_campaign=1003_0822_libra_newsletter_20220802_b2b&amp;snrs_test=false&amp;utm_medium=newsletter&amp;snrs_cp=fa3c18f2-de25-4ef1-b636-12c992f7c344&amp;snrs_he=-278732492&amp;utm_source=synerise&amp;utm_content=variant_a&amp;snrs_n=3&amp;snrs_action=newsletter.click&amp;snrs_category=client._DEVICE_.browser.mail&amp;snrs_var=6516838&amp;snrs_redir=1\" target=\"_blank\" rel=\"noopener\">PWN NAUKA \u2013 <\/a><\/strong>bezp\u0142atne e-czasopismo dla naukowc\u00f3w, dydaktyk\u00f3w i\u00a0doktorant\u00f3w. Zapewnia zawsze wiarygodne i\u00a0aktualne informacje o\u00a0nauce i\u00a0szkolnictwie wy\u017cszym, wiedz\u0119 o\u00a0optymalnych metodach i\u00a0narz\u0119dziach przydatnych w\u00a0prowadzeniu bada\u0144 naukowych, wskaz\u00f3wki o\u00a0sposobach pozyskania finansowania i\u00a0rozliczania bada\u0144, wyb\u00f3r najciekawszych projekt\u00f3w edukacyjnych, program\u00f3w stypendialnych, grant\u00f3w oraz\u00a0dotacji i\u00a0wszelkie inne pomoce w\u00a0planowaniu \u015bcie\u017cki kariery naukowej. W\u00a0celu uzyskania dost\u0119pu do\u00a0tre\u015bci e-czasopisma nale\u017cy w\u0142\u0105czy\u0107 darmow\u0105 subskrypcj\u0119<\/p>\n","protected":false},"excerpt":{"rendered":"<p>PWN NAUKA \u2013 bezp\u0142atne e-czasopismo dla naukowc\u00f3w, dydaktyk\u00f3w i\u00a0doktorant\u00f3w. Zapewnia zawsze wiarygodne i\u00a0aktualne informacje o\u00a0nauce i\u00a0szkolnictwie wy\u017cszym, wiedz\u0119 o\u00a0optymalnych metodach&hellip;<\/p>\n","protected":false},"author":3,"featured_media":0,"parent":0,"menu_order":0,"comment_status":"closed","ping_status":"closed","template":"","meta":[],"_links":{"self":[{"href":"https:\/\/scbm.usz.edu.pl\/index.php\/wp-json\/wp\/v2\/pages\/1891"}],"collection":[{"href":"https:\/\/scbm.usz.edu.pl\/index.php\/wp-json\/wp\/v2\/pages"}],"about":[{"href":"https:\/\/scbm.usz.edu.pl\/index.php\/wp-json\/wp\/v2\/types\/page"}],"author":[{"embeddable":true,"href":"https:\/\/scbm.usz.edu.pl\/index.php\/wp-json\/wp\/v2\/users\/3"}],"replies":[{"embeddable":true,"href":"https:\/\/scbm.usz.edu.pl\/index.php\/wp-json\/wp\/v2\/comments?post=1891"}],"version-history":[{"count":0,"href":"https:\/\/scbm.usz.edu.pl\/index.php\/wp-json\/wp\/v2\/pages\/1891\/revisions"}],"wp:attachment":[{"href":"https:\/\/scbm.usz.edu.pl\/index.php\/wp-json\/wp\/v2\/media?parent=1891"}],"curies":[{"name":"wp","href":"https:\/\/api.w.org\/{rel}","templated":true}]}}