{"id":1133,"date":"2021-04-17T00:57:58","date_gmt":"2021-04-16T22:57:58","guid":{"rendered":"https:\/\/scbm.usz.edu.pl\/?page_id=1133"},"modified":"2025-12-17T12:46:35","modified_gmt":"2025-12-17T11:46:35","slug":"repozytoria-danych-badawczych","status":"publish","type":"page","link":"https:\/\/scbm.usz.edu.pl\/index.php\/repozytoria-danych-badawczych\/","title":{"rendered":"Repozytoria danych badawczych"},"content":{"rendered":"<p><strong>WYBRANE <\/strong><strong>REPOZYTORIA OTWARTYCH DANYCH BADAWCZYC<\/strong><strong>H<\/strong><\/p>\n<p><strong>wielodziedzinowe:<\/strong><\/p>\n<ul>\n<li><a href=\"https:\/\/e-science.pl\/\"><strong>e-Science<\/strong><\/a><\/li>\n<li style=\"text-align: justify;\"><a href=\"https:\/\/figshare.com\/\"><strong>Figshare<\/strong><\/a> <span style=\"font-size: 10pt;\">\u2013 repozytorium otwartego dost\u0119pu, w kt\u00f3rym naukowcy mog\u0105 zachowa\u0107 i dzieli\u0107 si\u0119 wynikami bada\u0144, w tym danymi, zestawami danych, obrazami i filmami.<\/span><\/li>\n<li style=\"text-align: justify;\"><a href=\"https:\/\/data.jrc.ec.europa.eu\/\"><strong>Joint Research Centre Data Catalogue<\/strong><\/a> <span style=\"font-size: 10pt;\">\u2013 Joint Research Centre (Wsp\u00f3lne Centrum Badawcze) to wewn\u0119trzny dzia\u0142 naukowy Komisji Europejskiej, kt\u00f3rej celem jest zapewnienie wsparcia naukowego i technicznego dla koncepcji, rozwoju, wdra\u017cania i monitorowania polityki Unii Europejskiej.<\/span><\/li>\n<li style=\"text-align: justify;\"><a href=\"http:\/\/data.mendeley.com\/\"><strong>Mendeley Data<\/strong><\/a> <span style=\"font-size: 10pt;\">\u2013 otwarte repozytorium danych badawczych, umo\u017cliwia naukowcom przechowywanie i udost\u0119pnianie w\u0142asnych danych badawczych<\/span><\/li>\n<li style=\"text-align: justify;\"><strong><a href=\"https:\/\/data.europa.eu\/euodp\/pl\/data\/\">Portal Otwartych Danych Unii Europejskiej<\/a><\/strong> <span style=\"font-size: 10pt;\">\u2013 uniwersalny punkt dost\u0119pu do danych publikowanych przez instytucje, agencje i inne organy Unii Europejskiej. Portal jest g\u0142\u00f3wnym elementem unijnej strategii otwartych danych.<\/span><\/li>\n<\/ul>\n<ul>\n<li><strong><a href=\"https:\/\/repod.icm.edu.pl\/\" target=\"_blank\" rel=\"noopener\">RepOD \u2013 Repozytorium Otwartych Danych <\/a>\u00a0<\/strong><span style=\"font-size: 10pt;\">wielodziedzinowe og\u00f3lnopolskie repozytorium danych badawczych prowadzone przez ICM<\/span><\/li>\n<\/ul>\n<ul>\n<li><strong><a href=\"https:\/\/zenodo.org\/\">Zenodo<\/a> <\/strong><span style=\"font-size: 10pt;\">\u2013 mi\u0119dzynarodowe repozytorium danych badawczych przeznaczone dla tzw. ma\u0142ych danych.<\/span><\/li>\n<li style=\"text-align: justify;\"><strong><a href=\"https:\/\/www.nlm.nih.gov\/NIHbmic\/nih_data_sharing_repositories.html\">Repozytoria danych badawczych NIH<\/a> <\/strong><span style=\"font-size: 10pt;\">\u2013 baza specjalistycznych repozytori\u00f3w danych badawczych, spo\u015br\u00f3d kt\u00f3rych wiele udost\u0119pnia tzw. du\u017ce dane zebrane w ramach konkretnych projekt\u00f3w.<\/span><\/li>\n<\/ul>\n<p>&nbsp;<\/p>\n<p><strong>Nauki medyczne, nauki o zdrowiu, nauki przyrodnicze:<\/strong><\/p>\n<ul>\n<li style=\"text-align: justify;\"><a href=\"https:\/\/zasobynauki.pl\/\"><strong>Azon (Atlas Zasob\u00f3w Otwartych Nauki)<\/strong><\/a><span style=\"font-size: 10pt;\"> (pl.) \u2013 platforma prowadzona przez Politechnik\u0119 Wroc\u0142awsk\u0105 przy wsp\u00f3\u0142pracy z innymi podmiotami, finansowana przez UE. Repozytorium gromadzi, przetwarza i udost\u0119pnia dane z zakresu nauk medycznych, farmaceutycznych, in\u017cynieryjnych czy technicznych<\/span><\/li>\n<li style=\"text-align: justify;\"><strong><a href=\"https:\/\/www.brenda-enzymes.info\/\">BRENDA<\/a><\/strong> <span style=\"font-size: 10pt;\">(ang.) \u00a0\u2013 og\u00f3lnodost\u0119pny, szczeg\u00f3\u0142owy zbi\u00f3r danych na temat enzym\u00f3w. Enzymy s\u0105 klasyfikowane zgodnie z wytycznymi <a href=\"http:\/\/www.brenda-enzymes.org\/\">Komitetu Nazewnictwa Mi\u0119dzynarodowej Unii Biochemii i Biologii Molekularnej<\/a>. Baza obejmuje informacje biochemiczne i molekularne dotycz\u0105ce mi\u0119dzy innymi klasyfikacji, nazewnictwa, reakcji, swoisto\u015bci, parametr\u00f3w funkcjonalnych, wyst\u0119powania, struktury enzymu.<\/span><\/li>\n<li style=\"text-align: justify;\"><strong><a href=\"https:\/\/data.inrae.fr\/\" target=\"_blank\" rel=\"noopener\">dataINRAE<\/a><\/strong>\u00a0 <span style=\"font-size: 10pt;\">(fr.) \u2013 francuskie repozytorium udostepniaj\u0105ce g\u0142\u00f3wnie dane badawcze dotycz\u0105ce \u015brodowiska, \u017cywienia, \u017cywno\u015bci i rolnictwa. Nie gromadzi danych zewn\u0119trznych, ale udziela otwartego dost\u0119pu do metadanych i wielu danych badawczych.<\/span><\/li>\n<li style=\"text-align: justify;\"><a href=\"https:\/\/www.copernicus.eu\/\" target=\"_blank\" rel=\"noopener\"><strong>Copernicus<\/strong><\/a>\u00a0 <span style=\"font-size: 10pt;\">(ang.) \u2013 program zarz\u0105dzany przez Komisj\u0119 Europejsk\u0105 zapewniaj\u0105cy pe\u0142ny i bezp\u0142atny dost\u0119p do danych badawczych g\u0142\u00f3wnie z zakresu nauk o Ziemi: zmiany klimatu, zarz\u0105dzanie kryzysowe, bezpiecze\u0144stwo, badanie atmosfery, l\u0105d\u00f3w i w\u00f3d itd.<\/span><\/li>\n<li style=\"text-align: justify;\"><a href=\"https:\/\/apps.who.int\/gho\/data\/node.resources\" target=\"_blank\" rel=\"noopener\"><strong>GHO<\/strong><\/a> <span style=\"font-size: 10pt;\">(ang.) \u2013 Global Health Observatory \u2013 repozytorium danych nale\u017c\u0105ce do WHO, koncentruj\u0105ce si\u0119 na najwa\u017cniejszych tematach dotycz\u0105cych zdrowia publicznego.<\/span><\/li>\n<li><strong><a href=\"https:\/\/idn.ceos.org\/\" target=\"_blank\" rel=\"noopener\">International Directory Network<\/a><\/strong> <span style=\"font-size: 10pt;\">(ang.) \u2013 to mi\u0119dzynarodowa inicjatywa s\u0142u\u017c\u0105ca zbieraniu danych g\u0142\u00f3wnie z zakresu nauk o Ziemi, umo\u017cliwiaj\u0105ca dodawania i aktualizowanie zbior\u00f3w danych. Zarz\u0105dzana przez CEOS \u2013 Committee on Earth Observation Satellites.<\/span><\/li>\n<li><strong><a href=\"https:\/\/openneuro.org\/\">OpenNeuro <\/a><\/strong><span style=\"font-size: 10pt;\">(ang.) \u2013 otwarte repozytorium danych MRI, MEG, EEG, iEEG, ECoG i ASL<\/span><\/li>\n<li><a href=\"https:\/\/ti.arc.nasa.gov\/tech\/dash\/groups\/pcoe\/prognostic-data-repository\/\" target=\"_blank\" rel=\"noopener\"><strong>PCoE<\/strong><\/a> <span style=\"font-size: 10pt;\">(ang.) \u2013 Prognostic Centre of Excellence \u2013 repozytorium danych prognostycznych pod bander\u0105 NASA, gromadzi dane pozyskane od r\u00f3\u017cnych firm, instytucji, agencji, jednostek naukowych.<\/span><\/li>\n<li style=\"text-align: justify;\"><a href=\"https:\/\/ppm.pum.edu.pl\/\"><strong>PPM Polska Platforma Medyczna<\/strong><\/a> <span style=\"font-size: 10pt;\">(pl.) <strong>\u2013 <\/strong>portal zarz\u0105dzania wiedz\u0105 i potencja\u0142em badawczym<strong>,<\/strong> skupiaj\u0105cy ca\u0142y dorobek naukowy uniwersytet\u00f3w medycznych: we Wroc\u0142awiu, Bia\u0142ymstoku, Lublinie, Warszawie, Katowicach, Szczecinie i Gda\u0144sku oraz Instytut Medycyny Pracy w \u0141odzi. Gromadzi zar\u00f3wno dane badawcze jak i pe\u0142ne teksty artyku\u0142\u00f3w naukowych, rozdzia\u0142\u00f3w ksi\u0105\u017cek, monografii, doktorat\u00f3w.<\/span><\/li>\n<li style=\"text-align: justify;\"><strong><a href=\"https:\/\/vivli.org\/\" target=\"_blank\" rel=\"noopener\">Vivli<\/a><\/strong> <span style=\"font-size: 10pt;\">(ang.) \u2013 Center for Global Clinical Research Data \u2013 platforma koncentruj\u0105ca si\u0119 na gromadzeniu I udost\u0119pnianiu wynik\u00f3w bada\u0144 klinicznych. Dysponuje niezale\u017cnym repozytorium danych badawczych. Organizacja non-profit, kt\u00f3ra zarz\u0105dza platform\u0105, powsta\u0142a z inicjatywy The Multi-Regional Clinical Trials Center of Brigham and Women\u2019s Hospital oraz MRCT Center (Harvard).<\/span><\/li>\n<\/ul>\n<p>&nbsp;<\/p>\n<p><strong>Nauki humanistyczne<\/strong> \u00a0<strong>i spo\u0142eczne<\/strong><\/p>\n<ul>\n<li><strong><a href=\"http:\/\/www.ads.org.pl\/\">Archiwum Danych Spo\u0142ecznych<\/a><\/strong><span style=\"font-size: 10pt;\"> \u2013 stworzony dla nauk spo\u0142ecznych przez UW oraz PAN.<\/span><\/li>\n<li><strong><a href=\"http:\/\/archaeologydataservice.ac.uk\">Archaeology Data Service (ADS)<\/a><\/strong> <span style=\"font-size: 10pt;\">\u2013 (ang.) \u2013 to akredytowane brytyjskie repozytorium cyfrowe deklaruj\u0105ce d\u0142ugoterminow\u0105 ochron\u0119 powierzonych danych, skoncentrowane na szeroko rozumianych tre\u015bciach z zakresu archeologii i historii, historii kultury.<\/span><\/li>\n<li style=\"text-align: justify;\"><a href=\"http:\/\/www.clarin.eu\/\"><strong>LARIN-ERIC \u2013 CLARIN (Common Language Resources &amp; Technology Infrastructure)<\/strong><\/a><span style=\"font-size: 10pt;\"> \u2013 to og\u00f3lnoeuropejska infrastruktura naukowa, zapewniaj\u0105ca dost\u0119p do danych j\u0119zykowych i narz\u0119dzi do analizy danych, a tak\u017ce mo\u017cliwo\u015b\u0107 deponowania danych badawczych.<\/span><\/li>\n<li style=\"text-align: justify;\"><a href=\"https:\/\/clarin-pl.eu\/dspace\/\"><strong>Clarin-PL<\/strong><\/a> <span style=\"font-size: 10pt;\">\u2013 og\u00f3lnopolskie repozytorium lingwistyczne b\u0119d\u0105ce cz\u0119\u015bci\u0105 infrastruktury CLARIN. Konsorcjum CLARIN-PL tworz\u0105 polskie uniwersytety i instytuty badawcze, w kt\u00f3rych powstaj\u0105 repozytoria tekst\u00f3w pisanych i m\u00f3wionych w j\u0119zyku polskim oraz tekst\u00f3w r\u00f3wnoleg\u0142ych w innych j\u0119zykach.<\/span><\/li>\n<li style=\"text-align: justify;\"><strong><a href=\"https:\/\/www.dariah.eu\/\">DARIAH<\/a> <\/strong><span style=\"font-size: 10pt;\">\u2013d\u0142ugoterminowe archiwum danych z zakresu nauk humanistycznych, spo\u0142ecznych, kulturowych i sztuki. Repozytorium jest przeznaczone nie tylko dla projekt\u00f3w badawczych zwi\u0105zanych z DARIAH-DE, ale tak\u017ce dla indywidualnych badaczy i projekt\u00f3w badawczych. Ka\u017cdy obiekt zawarty w DARIAH ma unikalny i trwa\u0142y identyfikator (DOI).<\/span><\/li>\n<li style=\"text-align: justify;\"><strong><a href=\"http:\/\/data.dasch.swiss\">Data and Service Center for the Humanities(DaSCH)<\/a><\/strong> <span style=\"font-size: 10pt;\">\u2013 instytucja Szwajcarskiej Akademii Humanistyczno-Spo\u0142ecznej (SAHSS) finansowana przez Pa\u0144stwowy Sekretariat ds. Edukacji, Bada\u0144 Naukowych i Innowacji (SERI). Podstawowymi celami DaSCH s\u0105: ochrona danych badawczych w naukach humanistycznych i ich d\u0142ugoterminowa selekcja, zapewnienie sta\u0142ego dost\u0119pu do danych badawczych w celu udost\u0119pnienia ich do dalszych bada\u0144, \u015bwiadczenie us\u0142ug dla naukowc\u00f3w, aby pom\u00f3c im w planie zarz\u0105dzania danymi.<\/span><\/li>\n<li style=\"text-align: justify;\"><strong><a href=\"http:\/\/eprints.rclis.org\/\" target=\"_blank\" rel=\"noopener\">E-LIS<\/a>\u00a0<\/strong> <span style=\"font-size: 10pt;\">(ang.) \u2013 mi\u0119dzynarodowe repozytorium zawieraj\u0105ce tre\u015bci z zakresu bibliotekoznawstwa i informacji naukowej zarz\u0105dzane przez Universit\u00e0 di Napoli Federico II.<\/span><\/li>\n<li style=\"text-align: justify;\"><strong><a href=\"http:\/\/www.nkjp.uni.lodz.pl\/\">Narodowy Korpus J\u0119zyka Polskiego<\/a><\/strong>\u00a0 <span style=\"font-size: 10pt;\">\u2013 wsp\u00f3lna inicjatywa Instytutu Podstaw Informatyki PAN, Instytutu J\u0119zyka Polskiego PAN, Wydawnictwa Naukowego PWN oraz Zak\u0142adu J\u0119zykoznawstwa Komputerowego i Korpusowego Uniwersytetu \u0141\u00f3dzkiego, zrealizowana jako projekt badawczo- rozwojowy Ministerstwa Nauki i Szkolnictwa Wy\u017cszego. Zawiera\u00a0korpus referencyjny polszczyzny wielko\u015bci ponad p\u00f3\u0142tora miliarda s\u0142\u00f3w. Wyszukiwanie zaawansowane pozwala na przegl\u0105danie zasob\u00f3w NKJP za pomoc\u0105 narz\u0119dzi uwzgl\u0119dniaj\u0105cych odmian\u0119 polskich wyraz\u00f3w, a nawet analizuj\u0105cych budow\u0119 polskich zda\u0144. Lista \u017ar\u00f3de\u0142 korpusu zawiera klasyk\u0119 literatury polskiej, pras\u0119 codzienn\u0105 i specjalistyczn\u0105, nagrania rozm\u00f3w, teksty ulotne i internetowe. Stanowi wsparcie w badaniach j\u0119zykoznawczych.<\/span><\/li>\n<li style=\"text-align: justify;\"><strong><a href=\"https:\/\/www.prometheus-bildarchiv.de\/\">Prometheus<\/a><\/strong> <span style=\"font-size: 10pt;\">\u2013 (ang.\/niem.) \u2013 to cyfrowe archiwum obraz\u00f3w z dziedziny historii, sztuki, archeologii, \u0142\u0105cz\u0105ce bazy z r\u00f3\u017cnych instytucji kultury, muze\u00f3w, plac\u00f3wek badawczych. Pozwala na \u00a0przechowywanie i publikowanie w\u0142asnych obraz\u00f3w, a tak\u017ce wygodne przeszukiwanie baz i zapisywanie obraz\u00f3w.<\/span><\/li>\n<li><a href=\"https:\/\/rds.icm.edu.pl\/\"><strong>RDS \u2013 Repozytorium Danych Spo\u0142ecznych<\/strong> <\/a><\/li>\n<li style=\"text-align: justify;\"><strong><a href=\"http:\/\/wals.info\/\">The World Atlas of Language Structures<\/a><\/strong> <span style=\"font-size: 10pt;\">\u2013 baza gromadzi dane z zakresu w\u0142a\u015bciwo\u015bci strukturalnych (fonologicznych, gramatycznych, leksykalnych) j\u0119zyk\u00f3w zebranych z materia\u0142\u00f3w opisowych (takich jak gramatyki referencyjne) przez zesp\u00f3\u0142 55 autor\u00f3w.<\/span><\/li>\n<li style=\"text-align: justify;\"><a href=\"https:\/\/wals.info\/\" target=\"_blank\" rel=\"noopener\"><strong>WALS<\/strong><\/a>\u00a0 <span style=\"font-size: 10pt;\">(ang.) \u2013 The World Atlas of Language Structures \u2013 ta ogromna baza gromadz\u0105ca dane strukturalne dotycz\u0105ce j\u0119zyk\u00f3w, dzia\u0142a pod patronatem Max Planck Institute for Evolutionary Anthropology.<\/span><\/li>\n<\/ul>\n<p><strong>Wyszukiwarki zbior\u00f3w danych badawczych:<\/strong><\/p>\n<ul>\n<li><strong><a href=\"https:\/\/datasetsearch.research.google.com\">Google Dataset Search <\/a><\/strong><\/li>\n<li><strong><a href=\"https:\/\/clarivate.com\/webofsciencegroup\/solutions\/webofscience-data-citation-index\/\">Data Citation Index (Web of Science) <\/a><\/strong><\/li>\n<li><a href=\"https:\/\/data.mendeley.com\/\"><strong>Mendeley Data (Elsevier)<\/strong> <\/a><\/li>\n<\/ul>\n<p><strong>Katalogi repozytori\u00f3w danych badawczych:<\/strong><\/p>\n<ul>\n<li><strong><a href=\"https:\/\/www.re3data.org\/\">re3data <\/a><\/strong><\/li>\n<li><a href=\"https:\/\/clarivate.com\/academia-government\/scientific-and-academic-research\/research-discovery-and-referencing\/web-of-science\/data-citation-index\/\"><strong>Data Citation Index (Web of Science)<\/strong> <\/a><\/li>\n<\/ul>\n<ul>\n<li style=\"text-align: justify;\"><strong><a href=\"https:\/\/www.nature.com\/sdata\/policies\/repositories\" target=\"_blank\" rel=\"noopener\">Repozytoria rekomendowane przez \u201eNature\u201d<\/a><\/strong>\u00a0 <span style=\"font-size: 10pt;\">(ang.) gromadz\u0105ce dane z zakresu biologii, medycyny, chemii, nauk o Ziemi czy fizyki.<\/span><\/li>\n<\/ul>\n<p><strong>Otwarta rejestracja projekt\u00f3w badawczych: <\/strong><\/p>\n<ul>\n<li><a href=\"https:\/\/osf.io\"><strong>OSF Registries &#8211; portal otwartej rejestracji projekt\u00f3w badawczych<\/strong> <\/a><\/li>\n<li><a href=\"https:\/\/help.osf.io\/hc\/en-us\/articles\/1500005273721-Start-a-Registration\"><strong>OSF Guides<\/strong> <\/a><\/li>\n<\/ul>\n<p>&nbsp;<\/p>\n<p><span style=\"font-size: 10pt;\"><em>Ostatnia aktualizacja: 19.11.2021<\/em><\/span><\/p>\n","protected":false},"excerpt":{"rendered":"<p>WYBRANE REPOZYTORIA OTWARTYCH DANYCH BADAWCZYCH wielodziedzinowe: e-Science Figshare \u2013 repozytorium otwartego dost\u0119pu, w kt\u00f3rym naukowcy mog\u0105 zachowa\u0107 i dzieli\u0107 si\u0119&hellip;<\/p>\n","protected":false},"author":3,"featured_media":0,"parent":0,"menu_order":0,"comment_status":"closed","ping_status":"closed","template":"","meta":[],"_links":{"self":[{"href":"https:\/\/scbm.usz.edu.pl\/index.php\/wp-json\/wp\/v2\/pages\/1133"}],"collection":[{"href":"https:\/\/scbm.usz.edu.pl\/index.php\/wp-json\/wp\/v2\/pages"}],"about":[{"href":"https:\/\/scbm.usz.edu.pl\/index.php\/wp-json\/wp\/v2\/types\/page"}],"author":[{"embeddable":true,"href":"https:\/\/scbm.usz.edu.pl\/index.php\/wp-json\/wp\/v2\/users\/3"}],"replies":[{"embeddable":true,"href":"https:\/\/scbm.usz.edu.pl\/index.php\/wp-json\/wp\/v2\/comments?post=1133"}],"version-history":[{"count":7,"href":"https:\/\/scbm.usz.edu.pl\/index.php\/wp-json\/wp\/v2\/pages\/1133\/revisions"}],"predecessor-version":[{"id":1956,"href":"https:\/\/scbm.usz.edu.pl\/index.php\/wp-json\/wp\/v2\/pages\/1133\/revisions\/1956"}],"wp:attachment":[{"href":"https:\/\/scbm.usz.edu.pl\/index.php\/wp-json\/wp\/v2\/media?parent=1133"}],"curies":[{"name":"wp","href":"https:\/\/api.w.org\/{rel}","templated":true}]}}